{"id":4,"date":"2015-11-17T16:16:35","date_gmt":"2015-11-17T15:16:35","guid":{"rendered":"http:\/\/kbnl.ch\/\/?page_id=4"},"modified":"2025-09-23T17:16:13","modified_gmt":"2025-09-23T15:16:13","slug":"bienvenue-bienvenue-a-la-cdpnp-2","status":"publish","type":"page","link":"https:\/\/kbnl.ch\/fr\/","title":{"rendered":"Bienvenue \u00e0 la CDPNP"},"content":{"rendered":"<p>La Conf\u00e9rence des d\u00e9l\u00e9gu\u00e9s \u00e0 la protection de la nature et du paysage (CDNP) est constitue\u00e9e des<a href=\"http:\/\/kbnl.ch\/\/fr\/organisation-und-kontakt\/mitglieder\/\"> chefs des services cantonaux de la nature et du paysage<\/a> de tous les cantons de Suisse et du service de la nature et du paysage de la Principaut\u00e9 de Liechtenstein.<\/p>\n<p><strong>Elle favorise l\u2019\u00e9change d\u2019informations, la coordination et la collaboration technique entre les membres et les cantons. Elle est l\u2019interlocutrice comp\u00e9tente aupr\u00e8s des autorit\u00e9s, des instances politiques et d\u2019autres organisations int\u00e9ress\u00e9es aux domaines de la nature et du paysage.<br \/>\n<\/strong><br \/>\nPour plus d\u2019informations consultez la <a href=\"https:\/\/kbnl.ch\/wp-content\/uploads\/2021\/12\/Leitbildfranz010427.pdf\">ligne strat\u00e9gique<\/a> et les\u00a0<a href=\"https:\/\/kbnl.ch\/wp-content\/uploads\/2022\/05\/statuten_franzoesisch220203.pdf\">statuts<\/a>.<\/p>\n<p>En tant que membre, vous pouvez consulter\u00a0<a href=\"http:\/\/www.kbnl.ch\/Blog\" target=\"_blank\" rel=\"noopener noreferrer\"><strong>le Blog CDPNP<\/strong><\/a> (archives).<\/p>\n<p>La CDPNP est dirig\u00e9e par le <a class=\"teLi\" href=\"http:\/\/kbnl.ch\/fr\/organisation-und-kontakt\/vorstand\/\" target=\"_blank\" rel=\"noopener noreferrer\">Comit\u00e9<\/a>, qui compte sept membres, et elle est administr\u00e9e par <a href=\"http:\/\/kbnl.ch\/fr\/organisation-und-kontakt\/geschaeftsstelle\/\">le Secr\u00e9tariat ex\u00e9cutif<\/a>.<\/p>","protected":false},"excerpt":{"rendered":"<p>La Conf\u00e9rence des d\u00e9l\u00e9gu\u00e9s \u00e0 la protection de la nature et du paysage (CDNP) est constitue\u00e9e des chefs des services cantonaux de la nature et du paysage de tous les cantons de Suisse et du service de la nature et du paysage de la Principaut\u00e9 de Liechtenstein. Elle favorise l\u2019\u00e9change d\u2019informations, la coordination et la &#8230;<\/p>\n","protected":false},"author":1,"featured_media":0,"parent":0,"menu_order":0,"comment_status":"closed","ping_status":"closed","template":"","meta":{"footnotes":""},"class_list":["post-4","page","type-page","status-publish","hentry"],"_links":{"self":[{"href":"https:\/\/kbnl.ch\/fr\/wp-json\/wp\/v2\/pages\/4","targetHints":{"allow":["GET"]}}],"collection":[{"href":"https:\/\/kbnl.ch\/fr\/wp-json\/wp\/v2\/pages"}],"about":[{"href":"https:\/\/kbnl.ch\/fr\/wp-json\/wp\/v2\/types\/page"}],"author":[{"embeddable":true,"href":"https:\/\/kbnl.ch\/fr\/wp-json\/wp\/v2\/users\/1"}],"replies":[{"embeddable":true,"href":"https:\/\/kbnl.ch\/fr\/wp-json\/wp\/v2\/comments?post=4"}],"version-history":[{"count":39,"href":"https:\/\/kbnl.ch\/fr\/wp-json\/wp\/v2\/pages\/4\/revisions"}],"predecessor-version":[{"id":3093,"href":"https:\/\/kbnl.ch\/fr\/wp-json\/wp\/v2\/pages\/4\/revisions\/3093"}],"wp:attachment":[{"href":"https:\/\/kbnl.ch\/fr\/wp-json\/wp\/v2\/media?parent=4"}],"curies":[{"name":"wp","href":"https:\/\/api.w.org\/{rel}","templated":true}]}}

Bienvenue à la CDPNP

<p>La Conférence des délégués à la protection de la nature et du paysage (CDNP) est constitueée des<a href="http://kbnl.ch//fr/organisation-und-kontakt/mitglieder/"> chefs des services cantonaux de la nature et du paysage</a> de tous les cantons de Suisse et du service de la nature et du paysage de la Principauté de Liechtenstein.</p>
<p><strong>Elle favorise l’échange d’informations, la coordination et la collaboration technique entre les membres et les cantons. Elle est l’interlocutrice compétente auprès des autorités, des instances politiques et d’autres organisations intéressées aux domaines de la nature et du paysage.<br />
</strong><br />
Pour plus d’informations consultez la <a href="https://kbnl.ch/wp-content/uploads/2021/12/Leitbildfranz010427.pdf">ligne stratégique</a> et les <a href="https://kbnl.ch/wp-content/uploads/2022/05/statuten_franzoesisch220203.pdf">statuts</a>.</p>
<p>En tant que membre, vous pouvez consulter <a href="http://www.kbnl.ch/Blog" target="_blank" rel="noopener noreferrer"><strong>le Blog CDPNP</strong></a> (archives).</p>
<p>La CDPNP est dirigée par le <a class="teLi" href="http://kbnl.ch/fr/organisation-und-kontakt/vorstand/" target="_blank" rel="noopener noreferrer">Comité</a>, qui compte sept membres, et elle est administrée par <a href="http://kbnl.ch/fr/organisation-und-kontakt/geschaeftsstelle/">le Secrétariat exécutif</a>.</p>

<p>La Conférence des délégués à la protection de la nature et du paysage (CDNP) est constitueée des chefs des services cantonaux de la nature et du paysage de tous les cantons de Suisse et du service de la nature et du paysage de la Principauté de Liechtenstein. Elle favorise l’échange d’informations, la coordination et la &#8230;</p>
