{"id":56,"date":"2016-02-16T11:38:10","date_gmt":"2016-02-16T10:38:10","guid":{"rendered":"http:\/\/kbnl.ch\/\/?page_id=56"},"modified":"2025-05-23T14:03:54","modified_gmt":"2025-05-23T12:03:54","slug":"geschaeftsstelle","status":"publish","type":"page","link":"https:\/\/kbnl.ch\/fr\/organisation-und-kontakt\/geschaeftsstelle\/","title":{"rendered":"Secr\u00e9tariat ex\u00e9cutif CDPNP"},"content":{"rendered":"<p>Die<strong> KBNL Gesch\u00e4ftsstelle <\/strong>wird vertreten durch:<\/p>\n<table style=\"width: 88.2199%; height: 265px;\">\n<tbody>\n<tr>\n<td style=\"width: 10.4575%;\">Robert Meier<br \/>\n<a href=\"mailto:robert.meier@kbnl.ch\">robert.meier@kbnl.ch<\/a><\/td>\n<td style=\"width: 35.3789%;\">Gesch\u00e4ftsf\u00fchrer<\/td>\n<\/tr>\n<tr>\n<td style=\"width: 10.4575%;\">Thomas Stirnimann<br \/>\n<a href=\"mailto:thomas.stirnimann@kbnl.ch\">thomas.stirnimann@kbnl.ch<\/a><\/td>\n<td style=\"width: 35.3789%;\">stellvertretender Gesch\u00e4ftsf\u00fchrer, Fachbereiche Vernehmlassungen und Landwirtschaft<\/td>\n<\/tr>\n<tr>\n<td style=\"width: 10.4575%;\">Sofie Bruni<br \/>\n<a class=\"teLi\" href=\"mailto:info@kbnl.ch\" target=\"_blank\" rel=\"noopener noreferrer\">info@kbnl.ch<\/a><\/td>\n<td style=\"width: 35.3789%;\">Administration<\/td>\n<\/tr>\n<tr>\n<td style=\"width: 10.4575%;\">David Oberh\u00e4nsli<br \/>\n<a class=\"teLi\" href=\"mailto:web@kbnl.ch\" target=\"_blank\" rel=\"noopener noreferrer\">web@kbnl.ch<\/a><\/td>\n<td style=\"width: 35.3789%;\">KBNL Homepage &amp; Blog<\/td>\n<\/tr>\n<tr>\n<td style=\"width: 10.4575%;\">Mirabai Aberer<br \/>\n<a href=\"mailto:redaktion@kbnl.ch\">redaktion@kbnl.ch<\/a><\/td>\n<td style=\"width: 35.3789%;\">Redaktion N+L Inside und Flash<\/td>\n<\/tr>\n<tr>\n<td style=\"width: 10.4575%;\">Hannah Meier<br \/>\n<a href=\"mailto:buchhaltung@kbnl.ch\">buchhaltung@kbnl.ch<\/a><\/td>\n<td style=\"width: 35.3789%;\">Vereinsbuchhaltung<\/td>\n<\/tr>\n<\/tbody>\n<\/table>\n<p><strong>Korrespondenzadresse<\/strong>:<\/p>\n<p>KBNL- Gesch\u00e4ftsstelle<br \/>\nc\/o ARNAL AG<br \/>\nKasernenstrasse 37<br \/>\n9100 Herisau AR<br \/>\nTel. 071 366 00 50<\/p>\n","protected":false},"excerpt":{"rendered":"<p>Die KBNL Gesch\u00e4ftsstelle wird vertreten durch: Robert Meier robert.meier@kbnl.ch Gesch\u00e4ftsf\u00fchrer Thomas Stirnimann thomas.stirnimann@kbnl.ch stellvertretender Gesch\u00e4ftsf\u00fchrer, Fachbereiche Vernehmlassungen und Landwirtschaft Sofie Bruni info@kbnl.ch Administration David Oberh\u00e4nsli web@kbnl.ch KBNL Homepage &amp; Blog Mirabai Aberer redaktion@kbnl.ch Redaktion N+L Inside und Flash Hannah Meier buchhaltung@kbnl.ch Vereinsbuchhaltung Korrespondenzadresse: KBNL- Gesch\u00e4ftsstelle c\/o ARNAL AG Kasernenstrasse 37 9100 Herisau AR Tel. 071 &#8230;<\/p>\n","protected":false},"author":1,"featured_media":0,"parent":9,"menu_order":0,"comment_status":"closed","ping_status":"closed","template":"","meta":{"footnotes":""},"class_list":["post-56","page","type-page","status-publish","hentry"],"_links":{"self":[{"href":"https:\/\/kbnl.ch\/fr\/wp-json\/wp\/v2\/pages\/56","targetHints":{"allow":["GET"]}}],"collection":[{"href":"https:\/\/kbnl.ch\/fr\/wp-json\/wp\/v2\/pages"}],"about":[{"href":"https:\/\/kbnl.ch\/fr\/wp-json\/wp\/v2\/types\/page"}],"author":[{"embeddable":true,"href":"https:\/\/kbnl.ch\/fr\/wp-json\/wp\/v2\/users\/1"}],"replies":[{"embeddable":true,"href":"https:\/\/kbnl.ch\/fr\/wp-json\/wp\/v2\/comments?post=56"}],"version-history":[{"count":28,"href":"https:\/\/kbnl.ch\/fr\/wp-json\/wp\/v2\/pages\/56\/revisions"}],"predecessor-version":[{"id":3003,"href":"https:\/\/kbnl.ch\/fr\/wp-json\/wp\/v2\/pages\/56\/revisions\/3003"}],"up":[{"embeddable":true,"href":"https:\/\/kbnl.ch\/fr\/wp-json\/wp\/v2\/pages\/9"}],"wp:attachment":[{"href":"https:\/\/kbnl.ch\/fr\/wp-json\/wp\/v2\/media?parent=56"}],"curies":[{"name":"wp","href":"https:\/\/api.w.org\/{rel}","templated":true}]}}

Secrétariat exécutif CDPNP

<p>Die<strong> KBNL Geschäftsstelle </strong>wird vertreten durch:</p>
<table style="width: 88.2199%; height: 265px;">
<tbody>
<tr>
<td style="width: 10.4575%;">Robert Meier<br />
<a href="mailto:robert.meier@kbnl.ch">robert.meier@kbnl.ch</a></td>
<td style="width: 35.3789%;">Geschäftsführer</td>
</tr>
<tr>
<td style="width: 10.4575%;">Thomas Stirnimann<br />
<a href="mailto:thomas.stirnimann@kbnl.ch">thomas.stirnimann@kbnl.ch</a></td>
<td style="width: 35.3789%;">stellvertretender Geschäftsführer, Fachbereiche Vernehmlassungen und Landwirtschaft</td>
</tr>
<tr>
<td style="width: 10.4575%;">Sofie Bruni<br />
<a class="teLi" href="mailto:info@kbnl.ch" target="_blank" rel="noopener noreferrer">info@kbnl.ch</a></td>
<td style="width: 35.3789%;">Administration</td>
</tr>
<tr>
<td style="width: 10.4575%;">David Oberhänsli<br />
<a class="teLi" href="mailto:web@kbnl.ch" target="_blank" rel="noopener noreferrer">web@kbnl.ch</a></td>
<td style="width: 35.3789%;">KBNL Homepage &amp; Blog</td>
</tr>
<tr>
<td style="width: 10.4575%;">Mirabai Aberer<br />
<a href="mailto:redaktion@kbnl.ch">redaktion@kbnl.ch</a></td>
<td style="width: 35.3789%;">Redaktion N+L Inside und Flash</td>
</tr>
<tr>
<td style="width: 10.4575%;">Hannah Meier<br />
<a href="mailto:buchhaltung@kbnl.ch">buchhaltung@kbnl.ch</a></td>
<td style="width: 35.3789%;">Vereinsbuchhaltung</td>
</tr>
</tbody>
</table>
<p><strong>Korrespondenzadresse</strong>:</p>
<p>KBNL- Geschäftsstelle<br />
c/o ARNAL AG<br />
Kasernenstrasse 37<br />
9100 Herisau AR<br />
Tel. 071 366 00 50</p>

<p>Die KBNL Geschäftsstelle wird vertreten durch: Robert Meier robert.meier@kbnl.ch Geschäftsführer Thomas Stirnimann thomas.stirnimann@kbnl.ch stellvertretender Geschäftsführer, Fachbereiche Vernehmlassungen und Landwirtschaft Sofie Bruni info@kbnl.ch Administration David Oberhänsli web@kbnl.ch KBNL Homepage &amp; Blog Mirabai Aberer redaktion@kbnl.ch Redaktion N+L Inside und Flash Hannah Meier buchhaltung@kbnl.ch Vereinsbuchhaltung Korrespondenzadresse: KBNL- Geschäftsstelle c/o ARNAL AG Kasernenstrasse 37 9100 Herisau AR Tel. 071 &#8230;</p>
